?
8
Let a = 436 - 272. What is the hundreds digit of a?
1
Suppose -3*d - 1 + 0 = -2*t, -4*d - 4 = -2*t. Let a be (t - 0)*(-172)/(-8). What is the tens digit of a/(-6) - 3/9?
1
What is the thousands digit of ((-302)/5)/((-40)/700)?
1
Let x = 1266 + 921. What is the units digit of x?
7
Let k be (-1 - (-2 - -6))*11. Let d = -22 - k. What is the tens digit of d?
3
Let z(d) = -d**2 - 14. Let r be z(6). Let g = r + 93. What is the units digit of g?
3
Suppose -3*z - 16 = -73. Suppose 24*k - z*k - 205 = 0. What is the units digit of k?
1
Let l be (-4)/5*1340/(-8). Let h = l + -82. Let o = 85 - h. What is the units digit of o?
3
Suppose 20 = 10*u - 0. What is the tens digit of 1249/9 - (-6)/54*u?
3
Let y = 361 + 553. What is the tens digit of y?
1
Suppose o = -5*q + 10, 4*o + 0*q = -4*q + 24. Suppose -o*d + 458 - 63 = 0. What is the units digit of d?
9
Let q be 93*-2*17/(-3). Let f be (-6)/(-45) + q/(-30). Let j = -19 - f. What is the tens digit of j?
1
Let i(y) = 7*y**2 - 5*y - 34. What is the hundreds digit of i(7)?
2
Suppose 4*w = -4 + 8. Suppose 0 = n - 3, 2*n = -f + w + 7. Suppose j + 1 = -4*y, 3*y - 15 = -f*j - 2. What is the tens digit of j?
1
Suppose s + 2 = 0, s + 8 = -c - 2*s. Let b(f) = -7*f**3 - f**2 + f - 1. What is the tens digit of b(c)?
4
Suppose -w + 642 = 4*k, -3*w + 7*w - 2586 = 2*k. What is the tens digit of w?
4
Let m = 4 - -4. Let y(w) = w**3 - 9*w**2 + 9*w - 12. Let u be y(m). What is the tens digit of u/16*26*-2?
1
Let c(x) be the first derivative of 3*x**2 - 7*x - 5. Let f(g) = 6*g - 6. Let m(b) = 5*c(b) - 6*f(b). What is the tens digit of m(-2)?
1
Suppose 5*f + 5*d - 2060 = 0, -4*f + 1673 = 16*d - 17*d. What is the units digit of f?
7
Let g be 24/(-10)*135/(-54). Suppose 0 = g*q + 4*q - 2190. What is the hundreds digit of q?
2
Let f(p) = -590*p - 32. What is the units digit of f(-1)?
8
Suppose -o + 1671 - 864 = 0. What is the units digit of o?
7
Let s = 5023 + -3062. What is the tens digit of s?
6
What is the tens digit of (1 - -689) + -36 + 33?
8
Suppose 0*q = -3*q. Suppose -3*j + d + 23 = q, 5*j = 2*d - 3*d + 33. Suppose u - j - 3 = 0. What is the tens digit of u?
1
Let a(l) = 2*l**2 - 4*l - 1. Let g be a(4). Let z = 38 + -23. Let k = g + z. What is the tens digit of k?
3
Let p(t) = -72*t + 67. Let a be p(-7). What is the hundreds digit of 24/60*(a + -1)?
2
Suppose 17*n = 15*n + 16. Suppose -4*o = 3*f + n, f = -3*f + 4*o + 36. What is the units digit of f?
4
Let l be (-5 - -3 - -1)*0. Let i be -52 - (1 + -2 + 4). What is the units digit of 3 + 0 - (l + i)?
8
Let v(r) = -r + 9. Let l be v(9). Suppose -x + 76 - 1 = l. Suppose -3*m + 0*m = -x. What is the tens digit of m?
2
What is the hundreds digit of (-43584)/(-84) - 1/(-7)?
5
Let t(c) = -4*c**3 + c**2 - 1. Let l be t(-1). Let i be (-32)/(-32) + (-1)/1. Suppose i = 2*d + g - 22, l*d - g = 38 + 6. What is the tens digit of d?
1
Let v(w) = 2*w**2 + 17*w + 237. What is the tens digit of v(-46)?
8
Let o = 6 + -4. Let k(q) = -3*q**3 + 1 - q**o - 3*q**3 + 5*q**3. What is the units digit of k(-1)?
1
Let l = 10 + -12. Let r = l + 4. Suppose -r*s + 27 = -21. What is the units digit of s?
4
Suppose 3066 + 258 = 4*h. What is the hundreds digit of h?
8
Let m(j) = 5*j + 14 + 0 - 2 + 3. What is the units digit of m(19)?
0
Let t(b) = 6*b + 4 + 10 - 1 - 8. Let j be 2/(-5)*(-10)/1. What is the units digit of t(j)?
9
Let d(l) = 670*l + 727. What is the units digit of d(4)?
7
Let m = 60 - 58. What is the units digit of m?
2
Suppose 20*t - 16676 = -2*t. What is the units digit of t?
8
Let p(g) = g**2 + 10*g + 6. Let z be p(-10). Suppose 11*f = z*f + 360. Let s = f - 37. What is the tens digit of s?
3
Let w(g) = 400*g + 835. What is the hundreds digit of w(8)?
0
Let a = 825 - 308. What is the units digit of a?
7
Let l(k) = -4*k**3 + 3*k**2 - 9*k + 5. Let u be l(2). What is the units digit of 2/11 - 1050/u?
2
Let h(v) = 32*v - 4. Let t be h(6). Suppose -65 = -j + 4*f, 4*j + f - t = -f. What is the units digit of j?
9
Suppose 5*t - n - 65 = 55, 107 = 4*t - 3*n. What is the units digit of t?
3
Let k(v) = 2*v + 6. Let y be (-468)/(-60) + 2/10. Let l be k(y). Let i = 22 + l. What is the units digit of i?
4
Suppose -8 = -2*h, -5*b + 11 = -4*h + 2. Suppose 0 = -3*f + 4*f - b. Suppose -3*n + f*u = 2*n - 270, 4*u = 5*n - 268. What is the units digit of n?
2
Suppose 2*m - 24 = 4*c, -3*m + 4*m + 2*c = 0. Let n(l) = -3 - 1 - 3*l + 5 + l**2. What is the tens digit of n(m)?
1
Let a(i) = 2*i**2 + 55*i - 46. What is the tens digit of a(-40)?
5
Suppose -111 = 5*k - 8*k. Let o = -21 + k. What is the tens digit of o?
1
Let u(a) = 66*a + 70. What is the units digit of u(7)?
2
Suppose 6 = 2*w - 2*a, 0 = w + 3*w + 5*a + 15. Let s = w + 10. Suppose 55 = 2*m + 3*x, 3*x + s = m + x. What is the units digit of m?
0
Suppose -2*s - 3*s - 20 = 4*t, -3*s = -3*t + 12. Suppose t = -0*m + 4*m - 288. What is the units digit of m?
2
Let p = -12 - -18. What is the units digit of 2/3 + 98/p?
7
Let t = 1679 - 862. What is the units digit of t?
7
Let m = 52 - 48. Suppose -m*n = -105 - 267. What is the units digit of n?
3
Let v(a) = 118*a**2 + 9*a + 4. What is the tens digit of v(-3)?
3
Suppose w + 3*w - 5*d - 36 = 0, d = -5*w + 16. Suppose -b + 372 = 6*f - f, 0 = w*f + 5*b - 285. What is the units digit of f?
5
Let a = 60 - 40. What is the hundreds digit of 1*127 - 4*(-15)/a?
1
Suppose -3*p - 6 = -6*p. Suppose -72 = -p*o + 2*y, 0 = 2*o - 3*y + 4*y - 84. What is the tens digit of o?
4
Let t = -30 - -22. What is the tens digit of (564/t)/(3/(-2))?
4
Suppose -2*i - 145 = 5*s, -4*i + 7 = -s - 0*i. Let u = -17 - s. What is the tens digit of 322/u - 2/10?
3
Suppose 3*x = -0*s - 5*s + 585, 5*s - 5*x = 545. Suppose 0 = 2*b - 4*b + s. Let f = b + -34. What is the units digit of f?
3
Let x = 116 + 21. Let i = x + -37. Suppose 96 = 4*t - n - 1, 4*t = 4*n + i. What is the tens digit of t?
2
Let s(u) be the third derivative of u**5/60 - 17*u**4/24 + 10*u**3/3 + 3*u**2. What is the tens digit of s(17)?
2
Let m(f) = f**2 + 20*f + 25. Let n be m(-21). Suppose -415 = -5*h - k, 4*k - 203 - n = -3*h. What is the tens digit of h?
8
Suppose 5*l - 4*l - 4*v = 735, 2*l - 4*v = 1450. What is the hundreds digit of l?
7
Let z = 2441 - 1049. What is the tens digit of z?
9
Let l = 54 + -47. Let c = 12 - l. What is the units digit of c?
5
Let p be (-1 - (0 - 10))*7. Let n = 34 + 4. Let l = p - n. What is the tens digit of l?
2
Suppose 34*s - 9159 = 11241. What is the tens digit of s?
0
What is the units digit of 346 - -4*18/(-24)?
3
Let s be (-1491)/(-45) + 8/(-60). Suppose s = -7*h + 110. What is the units digit of h?
1
Suppose 264 = 10*a - 36. What is the tens digit of a?
3
Let x = 107 + -71. Suppose v - 18 - x = 3*h, 3*v + 5*h = 232. What is the tens digit of v?
6
Suppose 0 = -2*o - 0*o - 5*a + 111, 2*a = -10. Suppose -160 = -4*h + o. What is the units digit of h?
7
Let i = -7 - -10. Let k be (-3 + (-104)/(-12))*i. Let h = 2 + k. What is the units digit of h?
9
Let q(h) = 51*h**3 - 2*h**2 + 4*h + 5. Let y be q(-1). Let b = 67 + y. What is the tens digit of b?
1
Let d = 947 - 102. What is the units digit of d?
5
Let n be ((-84)/18)/((-4)/6). Let w(j) = 0*j + 0*j - n*j - 4. What is the tens digit of w(-5)?
3
Let p(h) = -128*h - 32. What is the units digit of p(-5)?
8
Let y(w) = 34*w**2 + 7*w - 4. What is the units digit of y(-6)?
8
Let r(t) = -t**3 + 9*t**2 - 15*t + 4. Let m be r(7). What is the units digit of 1 - 322/m - (-68)/102?
9
Let k = -12 - -25. Let w = k + -4. Let q(v) = -v**3 + 9*v**2 + 2. What is the units digit of q(w)?
2
Let l = -70 - -72. Let y = 32 - l. What is the units digit of y?
0
Let l(i) = 13*i**2 - 3*i + 26. Let c(p) = -12*p**2 + 4*p - 27. Let j(v) = 3*c(v) + 4*l(v). What is the hundreds digit of j(-4)?
2
Let y(v) = -30*v - 149. What is the units digit of y(-30)?
1
Let k = -1 - -1. Suppose -4*i - i + 125 = k. Suppose 5*g = -2*f + 48, g = -f - 2*g + i. What is the tens digit of f?
1
Let s be 5/((-60)/328)*-9. Suppose s = 5*l + 96. What is the units digit of l?
0
Let n(v) = v**2 - 12*v - 31. Let m = 63 - 42. What is the tens digit of n(m)?
5
Let k be 2/(-7) + (-2)/(-7). Suppose -7*s + 222 + 114 = k. What is the tens digit of s?
4
Let b be (-4)/6 + 1099/(-21). Let a = b - -56. What is the units digit of a?
3
Let j(o) = 4*o**3 - 12*o**2 -